595*j + 585*j + 30. Suppose -d - u*i = -218, 264 = -3*d + j*i + 870. List the prime factors of d.
2, 103
Let p(b) = -1324*b + 549. What are the prime factors of p(-7)?
9817
Let x(j) = 407*j - 383*j + 1 - 59 - 11. What are the prime factors of x(20)?
3, 137
Suppose -5*v - 4*h - 308 = 0, 4*h + 128 = 114*v - 116*v. Suppose -2*z = 2*f - 299 - 97, -4*z = 5*f - 797. Let j = v + z. What are the prime factors of j?
7, 19
Let x = 8210 - -3598. What are the prime factors of x?
2, 3, 41
Let t(r) = -26 - 7*r**2 - 17 + r + 12*r**2 - 4. List the prime factors of t(-8).
5, 53
Let u(b) = -b**3 + 22*b**2 + 19*b + 90. Let k be u(23). What are the prime factors of 510/(3/k - -3)?
2, 5, 17
List the prime factors of (70170 - -19)/7 + 17.
2, 3, 31
Suppose -12*x - 57108 = -4*g, 2*g = -7*x + 9*x + 28538. List the prime factors of g.
3, 5, 317
Let z be (-1 + (-4 - 0))*-1. Suppose 2*n = -3*y - 23, 19 = -y - y - z*n. Let g = 29 + y. List the prime factors of g.
2, 11
Suppose o - 5*w - 8606 = -2*o, -11503 = -4*o + w. List the prime factors of o.
3, 7, 137
Suppose -62 + 10 = u. What are the prime factors of 19221/39 - 8/u?
17, 29
Let j = 4485 - -2121. List the prime factors of j.
2, 3, 367
Let p be 52 + -56 - (0 - (12650 + 2)). Suppose 15*y + 2*y = p. What are the prime factors of y?
2, 3, 31
Suppose 7*d - m = 9*d - 471, 3*d - 5*m - 687 = 0. Suppose -249*u = -d*u - 5160. List the prime factors of u.
2, 43
Let f be (-1 + (-35)/(-21))*99. Suppose -4*v = -2*v - 278. Suppose v = 5*u - f. List the prime factors of u.
41
Let w be 1*3 - 12/3*-55. Suppose g + 4*f - 271 = w, 5*g - 2422 = 4*f. List the prime factors of g.
2, 3
Let i = -133 + 284. Let d = -25 + i. List the prime factors of d.
2, 3, 7
Suppose -21375506 + 3123327 = -253*m. List the prime factors of m.
19, 3797
Let d be 2*2*(119/28 - 1). Suppose -3 = -8*n + d. Suppose u = -2*a + 90, 0*u = n*a - 3*u - 90. List the prime factors of a.
3, 5
Let v(j) = 77581*j + 1960. List the prime factors of v(1).
7, 11, 1033
Suppose 215*i - 468354 - 2616513 - 2027618 = 0. What are the prime factors of i?
7, 43, 79
What are the prime factors of 11/(-132) - (157470/(-72) - -4)?
37, 59
What are the prime factors of 1*13505 + 66 + -83?
2, 3, 281
Suppose -15*n = 306*n - 9541044 - 1789935. What are the prime factors of n?
11, 3209
Let r = -329 - -335. Let c(f) = 5*f**3 - 6*f**2 + f - 40. List the prime factors of c(r).
2, 5, 83
Let a be (-28)/20*(1 - 6). Suppose -5*c + 62 = -3*n, 4*c - 24 = 3*n - a*n. List the prime factors of 4/c + (-1398)/(-30).
47
Let j(t) = 53*t - 467. What are the prime factors of j(46)?
3, 73
Suppose -93250 = 23*p - 459293 - 434679. What are the prime factors of p?
2, 13, 103
Let g(u) = 20 - 249*u - 17 + 12. What are the prime factors of g(-4)?
3, 337
Let c(r) = 238*r**2 - 119*r - 1604. What are the prime factors of c(-11)?
3, 3167
Suppose -23*d + 1358 = -2805. Let u = 109 + d. List the prime factors of u.
2, 5, 29
Let f(x) = x**3 - 40*x**2 + 7*x + 13. List the prime factors of f(45).
10453
Let u = -1147 - -1847. Suppose 8*i = -2*a + 12*i + u, 4*a - 2*i = 1400. List the prime factors of a.
2, 5, 7
Let j = -114 - -75. Let i(d) = 2*d**3 + 78*d**2 - 16*d + 15. List the prime factors of i(j).
3, 71
Let a = 185 + -191. Let d(z) = -z**2 - 20*z + 7. List the prime factors of d(a).
7, 13
Let o(a) = 6*a - 5. Let i be o(5). Suppose -5*t - 15 = -i. Suppose 0 = t*y - 19 - 83. List the prime factors of y.
3, 17
Suppose o + 10*o + 11 = 0. Let y(h) = 367*h**2 + h + 1. What are the prime factors of y(o)?
367
Let y(p) = 2*p**3 - 5*p**2 + 6*p - 2. Let f be y(2). Suppose 0 = f*j - 4*j - 1022. What are the prime factors of j?
7, 73
Let n(d) = 5*d**2 + 17*d + 8. Suppose x + 40 = 33. What are the prime factors of n(x)?
2, 67
What are the prime factors of (45 + -47)/(5/(-61720))?
2, 1543
Let t be (-2723)/(-3) - 15/(45/2). Suppose 616 = 2*f - 3*j, 0*j = 3*f + 4*j - t. List the prime factors of f.
5, 61
Let q = 109 - 120. List the prime factors of 350/1 - (-15 - q).
2, 3, 59
Let k = 117908 + -73946. List the prime factors of k.
2, 3, 17, 431
Let n(k) = k**2 + 3*k - 69. Let h be (-6)/15*-2 - 276/20. Let x be n(h). Suppose x = 2*q - 0*q - 5*m, -2*m + 182 = 4*q. What are the prime factors of q?
43
Suppose 0 = -5*a - 4*z, -4*a + z + 3*z = -36. Suppose -9*u + 5*u + 936 = 0. Suppose -l + n + 48 = 0, a*l = -5*n - 78 + u. What are the prime factors of l?
2, 11
Let w(n) = 2014 - 2060 + 2*n**2 - n**2. What are the prime factors of w(9)?
5, 7
Let z(c) be the third derivative of -c**6/120 + c**5/20 + c**4/24 + 7*c**3/6 - 26*c**2. Suppose -3*j = 2*j + 15. What are the prime factors of z(j)?
2, 29
Let r = 50 - 120. Let a = r - -73. Suppose v = 4*x + x + 68, a*v - x = 218. List the prime factors of v.
73
Suppose -h - 4*u = -8025, -2*h - 25*u = -30*u - 16115. List the prime factors of h.
5, 1609
What are the prime factors of 0 + 4 - -7658*((-100)/(-8) + -12)?
3833
Suppose -r + 37 + 12 = 0. Suppose -d - 71 - r = -3*k, -d - 160 = -4*k. What are the prime factors of k/(-4)*6/(-5)*9?
2, 3
What are the prime factors of 2771296/176 - -2*1/(-2)?
5, 47, 67
Suppose -42*o = 82*o - 540020. What are the prime factors of o?
5, 13, 67
Suppose -2*a - a = 0, -4*p + 24 = -3*a. Let q(x) = 6 + 177*x - 170*x - 7. List the prime factors of q(p).
41
Suppose -5*p = -10*p. Suppose -25*u + 11956 = -11*u. Suppose -8*z + z + u = p. List the prime factors of z.
2, 61
Suppose 0 = -5*u - 2*q + 11150, -22*q + 24*q + 10 = 0. What are the prime factors of u?
2, 3, 31
Let i be (12/(-8))/3*0 + 0. Suppose 0 = -2*z + a + 161, 2*z - 3*a = -i*z + 151. Suppose -d - t - t + z = 0, -255 = -3*d - 4*t. List the prime factors of d.
89
Suppose -5*f - 10*w = -63010, 0 = -6*f + 5*f + 3*w + 12582. List the prime factors of f.
2, 3, 2099
Let k = -5246 + 8750. Suppose 34*n = 18*n + k. What are the prime factors of n?
3, 73
Suppose 0 = -424*o + 422*o + k + 67208, -3*k - 67200 = -2*o. List the prime factors of o.
2, 3, 1867
Let n = 586 + -590. List the prime factors of (-1801)/(-4) - (n - 68/(-16)).
2, 3, 5
Let z(w) = w**3 - 15*w**2 + w - 12. Let k be z(15). Suppose k*r + 11 - 71 = 0. Let f = r + -2. List the prime factors of f.
2, 3
Suppose 2*x - 11*h + 6*h - 34 = 0, 3*x + 3*h - 30 = 0. Let l = x + 157. Let t = l + -57. What are the prime factors of t?
2, 7
Let y(l) = 16*l**2 - 6*l + 20. Suppose -u + 4*j - 17 = 1, -5*u + j = 33. What are the prime factors of y(u)?
2, 79
Let l(b) be the first derivative of 20*b**3/3 - 11*b**2/2 + 26*b + 7. List the prime factors of l(4).
2, 151
Let t(n) = 10*n. Let r be t(6). Suppose -61*m = -r*m + 23. Let w(f) = -f**2 - 27*f + 53. What are the prime factors of w(m)?
5, 29
Let h(f) = -f**2. Let m(w) = 71*w**2 - 2*w. Let s(o) = -2*h(o) + m(o). Let t be s(1). Let k = t - 66. What are the prime factors of k?
5
Let l(z) = -3*z + 266. Let b be l(0). Let h be 2/21 - (-18700)/(-105). Let g = b + h. List the prime factors of g.
2, 11
Let s be -3*(-4 - (-4 + 1)). Suppose 4330 = 5*q - 5*c, -2*q = 2*q + s*c - 3443. Suppose -276 = -17*t + q. List the prime factors of t.
67
Let v = 37195 + -8286. List the prime factors of v.
28909
Suppose -2 - 2 = h, -h + 5801 = -5*n. Let g = n + 2422. What are the prime factors of g?
13, 97
Let i = 198 + 532. Let v = i + -218. List the prime factors of v.
2
Let z = -16369 + 27922. What are the prime factors of z?
3, 3851
Let i(g) = -583*g + 4488. What are the prime factors of i(-12)?
2, 3, 11, 29
List the prime factors of (-9 - -6) + (-1 - (-57011 + 7 - 1)).
7, 17, 479
Let c(o) = 8*o - 8. Let t(k) = 5*k - 36. Let b be t(7). Let q be 19 + -2 + (-5 - b). List the prime factors of c(q).
2, 3
Suppose -6*j = -2*r - 2*j - 14, 2*j = -5*r + 1. Suppose 0 = 5*m + 36 + 34. What are the prime factors of (8/m)/(r/14)?
2
Let c = 341 + -131. Let z = c - 362. Let p = z + 324. What are the prime factors of p?
2, 43
Suppose -3*p + 5*v = -40219, 24*v - 53622 = -4*p + 29*v. List the prime factors of p.
13, 1031
What are the prime factors of 6990/8*4048/110?
2, 3, 23, 233
Let m = 11054 - -2611. What are the prime factors of m?
3, 5, 911
Let u(p) = 11*p - 55. Let c be u(5). List the prime factors of 65*(24/30 - c).
2, 13
What are the prime factors of (10/12 + (-1)/3)*40154?
17, 1181
Suppose 0 = -7*u + 57*u - 1099234 - 523666. List the prime factors of u.
2, 16229
Let v(l) b